(q) = q**3 - 5*q**2 + 1 - 27*q + 29*q - x. Calculate f(5).
9
Let n(v) = 61*v**2 + 5*v - 7. Let g(u) = 31*u**2 + 3*u - 4. Let h(q) = 5*g(q) - 3*n(q). What is h(1)?
-27
Let v(u) = 9*u - 15. Let o(z) = 4*z - 7. Let c(f) = 7*o(f) - 3*v(f). What is c(0)?
-4
Let z(i) = 8 + i**2 + 12 + 2*i**2 - 4*i**2. Calculate z(0).
20
Suppose 6*g = 2*g. Let l(k) = -k**2 - 2*k**2 + g*k + k. What is l(1)?
-2
Let n(b) = -b**2 - 7*b. Let k be n(-4). Suppose 3*w + w = k. Suppose 6*u - 2*u + 11 = -f, -3*f = -w*u - 27. Let i(y) = -y - 4. Give i(u).
0
Let h = -1 + 5. Let k(n) = h*n - 4*n - 2*n - n**2 + 3. Give k(-3).
0
Let d be (6/9)/((-4)/(-6)). Let u(x) = 3*x**3 - 6*x**2 - 4*x + 1. Let w(c) = -c**2 - c. Let t(g) = u(g) - 4*w(g). What is t(d)?
2
Let t(j) = 4*j**2 - 6*j - 1. Let d(i) be the second derivative of 0 + 4*i + 3/4*i**4 - 1/2*i**2 - 2*i**3. Let f(g) = 3*d(g) - 7*t(g). What is f(6)?
4
Let m(s) be the first derivative of -s**2/2 + 7*s + 2. Suppose -g = -4*p + 20, -4*g + 5*p - 25 = g. Suppose g = k - 4*k + 3*d + 9, 12 = 4*k + 2*d. What is m(k)?
4
Let r(d) = d**2 + 4*d + 1. Suppose l = 4*l + 18. Let t be (l/12)/(1/6). What is r(t)?
-2
Let u(t) = -t**2 + 6*t + 1. Suppose 7*s + 8*s - 75 = 0. What is u(s)?
6
Let g(x) = -x - 4. Suppose 0 + 12 = 4*m. Let h(s) = s**3 + s - 2. Let v be h(0). Let j = v - m. Give g(j).
1
Let g(h) = -h + 9. Let d be g(7). Let t(f) = -6*f - 2. Determine t(d).
-14
Let i = -2 - -3. Let b be i*(-15)/6*2. Let p(h) = -h**2 - 3*h + 6. Give p(b).
-4
Let i = 0 + 5. Let s(m) be the first derivative of m**4/4 - 4*m**3/3 - 5*m**2/2 + 7*m - 95. Determine s(i).
7
Let x(u) = -8*u + 1. Let h be 6/(-15) - 6/10. Let d be (1 - (h + 1))/1. Calculate x(d).
-7
Let o(v) be the second derivative of -v**5/20 - v**4/12 + v**3/3 - v**2/2 + 4*v. Determine o(2).
-9
Let y = -1 + -3. Let s = y + 7. Let h(v) = 3*v - 3*v - 1 + s*v. Give h(-1).
-4
Suppose 2*q - 4*n - 4 = 0, 3*q - 2*n - 6 = -6*n. Let l(d) = q*d - 6 - d - 2*d. Give l(-4).
-2
Let m(r) be the second derivative of r**5/60 - r**4/4 + 7*r**3/6 - 3*r**2/2 + 7*r. Let n(b) be the first derivative of m(b). Give n(5).
2
Let a = 1 + 1. Let n(c) be the first derivative of -c**2/2 + 2*c + 2. Calculate n(a).
0
Let g(s) = -s + 12. Let v be g(9). Suppose 1 = -l + v. Let w(t) = -9*t**2 + 4 + 6*t**l - 2. What is w(-2)?
-10
Let k(v) be the third derivative of v**4/24 - 7*v**3/6 + 4*v**2. Give k(0).
-7
Let j(s) = -s**2 - 5*s + 2. Let a be j(-5). Let d(h) = 6*h**2 + 3*h + 2. Let c(n) = -17*n**2 - 9*n - 5. Let g(b) = -4*c(b) - 11*d(b). What is g(a)?
12
Let c(k) = 7*k - 7. Let d(h) = -h + 1. Let g(s) = c(s) + 6*d(s). Suppose -5*n + 20 = -2*u, 0*n = n - 4*u - 4. Let a = n + -3. Give g(a).
0
Let f(z) = z**2 - 4*z + 4 + 0*z - z. Suppose -4*m + 44 = 8. Let n be 4/18 + 34/m. Give f(n).
0
Let k(y) = -2*y**2 + 10*y - 10. Let a(w) = w**2 - 5*w + 5. Let i(g) = 7*a(g) + 3*k(g). Calculate i(4).
1
Let n(m) = m**2 + 3*m + 3. Let i be 60/14 - 8/28. Let q(z) = -1 + 3 + 0*z - z. Let b be q(i). Calculate n(b).
1
Let d = -8 - -4. Let s(q) = -q**3 - 4*q**2 - 4*q + 6. Let a(n) = 3*n**3 + 11*n**2 + 11*n - 17. Let o(v) = d*a(v) - 11*s(v). Calculate o(2).
-6
Let s(v) = v**3 + 5*v**2 + 3*v + 1. Let r be ((-3 - -2) + 2)*28/(-7). What is s(r)?
5
Suppose -8*a + 54 = -18. Let d(g) = 2*g - 6. Calculate d(a).
12
Let t be (-4)/6 + 10/15. Suppose k - 3*p + 8 = 2*p, 2*k - 2*p = t. Suppose r = o + k*o - 15, 5*r = -4*o + 1. Let h(l) = -l**2 + 2. Determine h(r).
-7
Suppose 4*j + 3 = 5*k - 11, k = -2*j. Let z(t) = 3 - 2*t**k + 5*t**2 + 6*t - 4*t**2. Calculate z(5).
8
Let m(j) = -20*j - 7*j + 29*j + 8. Determine m(-6).
-4
Let b(j) be the third derivative of j**5/20 + 29*j**4/24 + 3*j**3/2 + 4*j**2. Let s(o) = -2*o**2 - 19*o - 6. Let x(a) = -5*b(a) - 8*s(a). What is x(-6)?
-3
Let d(a) = -2*a. Let i = -2 - -6. Let x be (0 + i)*(-7)/4. Let h = x + 4. Give d(h).
6
Suppose a + 0*a = 7. Let z(m) = 1 - a + 2*m - m. Suppose 2*w - 3*i + 6 = 0, -5*w - 5*i + 10 = -0*w. Give z(w).
-6
Let n(x) = -x**2 - 4*x + 7. Suppose -f + 0*f + 9 = -j, -j + 3 = 2*f. What is n(j)?
2
Let j(z) = z**3 - 4*z**2 - 2*z + 5. Let l(u) = u**2 - 4. Let q be l(-4). Suppose -4*c + 24 = 3*a, -a + 4 = 4*c - q. Give j(a).
-3
Suppose -4*d - 12 = 3*i + d, 9 = 3*d. Let x(j) = -j**3 - 8*j**2 + 10*j + 5. What is x(i)?
-4
Let z(s) be the second derivative of -s**3/3 - s**2 + 6*s. Let d(a) = -3*a + 8. Let k be d(4). Calculate z(k).
6
Let n(b) = b**3 - 5*b**2 + 4*b + 2. Let m be n(4). Suppose -5*c - 2*f = -17 - 3, c = m*f + 4. Let w(k) = 0 + c*k**3 + 1 - 3*k**2 + k**2. What is w(-1)?
-5
Let m(s) = s**3 + 5*s**2 + 4. Let k = 29 + -34. What is m(k)?
4
Let d(w) = 2*w + 1. Let m(a) = 2*a - 19. Let k be m(8). Give d(k).
-5
Let s(o) = -3*o - 7. Suppose -3*n + v - 4*v + 9 = 0, 0 = -4*n - 5*v + 9. Let t be (-7)/(7/n) + 1. Calculate s(t).
8
Let r = -5 - -4. Let c = 5 + r. Let q(z) = z**3 - 3*z**2 - 5*z + 4. Give q(c).
0
Suppose -2*m + 2*r - 6 = -m, r - 6 = -m. Let k(w) be the first derivative of -4 - 3/2*w**2 - 1/4*w**4 + m*w + 4/3*w**3. Determine k(3).
2
Let a(o) = 66*o + 11. Let p(l) = -13*l - 2. Let m(s) = 4*a(s) + 22*p(s). Calculate m(1).
-22
Let m(a) = -a**3 - a + 1. Let s(o) = o**3 + 6*o**2 - 3*o - 1. Let n(v) = -2*m(v) - s(v). What is n(5)?
-1
Let q(u) be the third derivative of u**5/60 + u**4/24 - u**3/3 + 28*u**2. Calculate q(2).
4
Suppose -3*i = -o + 16, 11 = -4*i - 1. Let a(x) = -2*x + 8. What is a(o)?
-6
Let p(g) be the second derivative of 1/6*g**3 + 2*g**2 + 1/6*g**4 + 0 + 3*g + 1/20*g**5. Calculate p(-3).
-8
Let x = 3 - 1. Let t be ((-1)/x)/(2/16). Let j(n) = -n**2 - 4*n + 5. Give j(t).
5
Let n = -38 - -37. Let w(b) = 9*b**3 + b**2 - 1. What is w(n)?
-9
Suppose -2*t + 5*r - 2 = -t, 1 = r. Suppose t = 3*z + 2*h + 2*h, -3*h + 1 = 2*z. Let f(y) = 2*y - 2. Give f(z).
8
Let w(g) = -2*g - 3*g + 11*g**2 - 10*g**2 + 4. What is w(3)?
-2
Let a(k) = -k**3 + k**2 + k + 2. Let w be a(0). Let m = 3 - -7. Suppose -3*y - w*y - 2*h + 4 = 0, 0 = -2*y + 5*h - m. Let t(c) = c**3 - 8. Give t(y).
-8
Let u(v) = 6 + 0*v**3 - 5*v - 4 - 89*v**2 - v**3 + 82*v**2. What is u(-6)?
-4
Suppose 2*f - 2 = 4. Let u(h) = -h + h + f*h. Determine u(-2).
-6
Let b(y) = -5 + 5*y + 5. What is b(3)?
15
Let n(x) = 5*x**2 - 21*x - 11. Let p(m) be the third derivative of -m**5/60 + m**4/6 + m**3/3 - 3*m**2. Let s(o) = 2*n(o) + 11*p(o). What is s(3)?
-3
Let c(f) be the first derivative of 22*f**3/3 - f**2/2 - 16. What is c(-1)?
23
Let y(o) = o**3 - 4*o**2 - 6*o + 4. Let f(i) = i**3 - 5*i**2 - 7*i + 5. Let h(n) = 6*f(n) - 7*y(n). What is h(-2)?
2
Let o(c) be the first derivative of -c**2/2 - c + 7. Determine o(6).
-7
Let c(j) be the second derivative of j**5/20 - 3*j**4/4 - 4*j**3/3 - 13*j**2/2 + 11*j. Give c(10).
7
Let n be (9/(-27))/((-2)/(-12)). Let k(v) = -v. Determine k(n).
2
Let j(a) = -2 - a + 4*a - 4*a. Let c(r) = -r**3 + 2*r**2 + 2*r - 3. Let l be c(2). Suppose -4*w - l = -n, 2*n - 6*n = -w - 19. Give j(n).
-7
Let l be 1/((-6)/32) + (-48)/72. Let p(g) = -g**3 - 6*g**2 + g + 2. What is p(l)?
-4
Let o(s) = -4*s**2 + 10*s + 1. Let f(y) = -3*y**2 + 9*y. Let l(n) = 5*f(n) - 4*o(n). Let i be (-132)/36 - (-4)/(-3). Give l(i).
-4
Let c(b) = -3 - b - 3 + 3. Determine c(3).
-6
Suppose 3*b + 0 = -3. Let c(f) = 2*f**2. What is c(b)?
2
Let w(y) be the second derivative of -y**5/20 + 5*y**4/12 - y**3/2 - y**2/2 + y. Suppose -1 = -4*f - t - 2*t, 3*f + 2*t = 2. Calculate w(f).
3
Let s be (-1 - -7)*1/2. Let n(j) = s - 4 - 2*j**2 + 3*j + 0. Let d = 0 + 2. Determine n(d).
-3
Let n(t) = 7*t**3 + t**2 + 19*t + 15. Suppose -10 = -5*i, 3*i + 9 = 5*k - 30. Let d(s) = -3*s**3 - 9*s - 7. Let z(q) = k*d(q) + 4*n(q). Calculate z(-5).
-3
Let m(g) = -2*g**2. Let u be (-1 - (-4 - -2))/(-1). Let q be ((-1)/(-2))/u*2. What is m(q)?
-2
Let c(o) = -o**3 - 4*o**2 + 2*o + 5. Let b(g) be the third derivative of g**5/60 + g**4/6 - g**3 + g**2. Let r be b(-5). Let q be (4/(r - 0))/1. Determine c(q).
-3
Let f(g) = g + 6. Suppose 0*o + 38 = 5*j + 2*o, 4*j + o - 28 = 0. What is f(j)?
12
Let y be ((-5)/2 + 2)*0. Let x = -8 + 8. Suppose o + 3*w - w - 2 = x, y = -o + 2*w - 2. Let b(d) = d**2 - 1. What is b(o)?
-1
Let z(o) = -o**3 + 2*o**2 + o - 2. Let x be (-2 + 1 - 0) + 2. Let j = 1 + x. What is z(j)?
0
Let x(u) = u**2 - 3*u - 3. Let m be 3*(-2)/(1/(-1)). Let c(a) = a**3 - 7*a**2 + 2. Let t b